*b = 3*x + 13. List the prime factors of 3 - b*(-2 - -3).
2
What are the prime factors of (4/4)/(3/321)?
107
Let g(l) = 5*l**2 - 3*l. Suppose 2*a + 4 = -4*u, 0 = -2*a - 0*u - 5*u - 6. List the prime factors of g(a).
2, 7
Suppose -48 = 2*r - 5*r. List the prime factors of r.
2
Let p(t) = -t. Let d be p(-8). Let z = -17 + 20. Suppose -z = c - d. What are the prime factors of c?
5
Let i be ((-6)/(-3))/2 - -1. Suppose 10 = i*b + 4. Suppose -b*d = 3*q - 39, -2*q + 11 = 4*d - 33. What are the prime factors of d?
3
Let p(c) be the first derivative of -c**2/2 + 11*c - 2. Let o be p(9). Suppose -o*w - 3*w = -10. List the prime factors of w.
2
Let r(n) = n**2 + 10*n. Let t be r(-10). Suppose t = 5*p + 4*g - 55, 0 = -3*p + g - 2*g + 33. List the prime factors of p.
11
What are the prime factors of (25 - -16)*(-1)/(-1)?
41
Let q(r) = -r**3 + r**2 - r. Let n be q(2). Let j = n - -16. List the prime factors of j.
2, 5
Suppose 318 = -8*z + 1118. What are the prime factors of z?
2, 5
Suppose -3*p + 90 = 3*p. List the prime factors of p.
3, 5
Suppose -4*x + 30 = -x. List the prime factors of x.
2, 5
Suppose 0 = 4*x - 2*o - 10, -2 + 5 = o. Suppose -3*b - 9 = 0, -x*b = -5*h - 0*h + 107. Suppose -3*y - y + 16 = 3*p, -5*y + h = 4*p. List the prime factors of y.
7
Let w be (-17)/5 + (-6)/(-15). Let b be (-2 - 1)/w*1. Suppose 4*l + b = 13. What are the prime factors of l?
3
Let k be (-2)/(1*1/(-3)). Suppose -p - 2*p + 2*t = k, t = -4*p + 3. Suppose p = -2*u + u + 9. List the prime factors of u.
3
Suppose 6*r - 1161 = -81. List the prime factors of r.
2, 3, 5
Suppose -22 - 22 = -2*p. List the prime factors of p.
2, 11
Suppose 8 = 5*j + 5*s - 17, -s = -j - 1. Let y be (5 + j)/((-1)/(-1)). Suppose y*u = 2*u + 20. What are the prime factors of u?
2
Suppose 6 + 33 = 3*a. Suppose a = s + 4*q, 0 = -2*s - 2*q + 56 - 18. Suppose -3*t + s = -15. What are the prime factors of t?
2, 3
Suppose -3*k + 7 = -2*k. Suppose 2*w + 45 = k*w. What are the prime factors of w?
3
Suppose 213 = 2*y + 3*b, 3*y = 4*b + 26 + 302. What are the prime factors of y?
2, 3
Suppose 3*t - t - 272 = 0. What are the prime factors of t?
2, 17
List the prime factors of ((-4)/(-10))/((-62)/(-36115)).
233
Suppose 10*q + 130 = 410. What are the prime factors of q?
2, 7
Let r(p) = -p**2 + 5*p + 15. Let a(x) = x**2 - 6*x - 14. Let b(w) = -4*a(w) - 3*r(w). List the prime factors of b(9).
11
Let n be (-18 + 0)*(-2)/4. List the prime factors of (-1)/((12/n)/(-4)).
3
Suppose 0*l - 4*l = -24. Let p = -23 - l. List the prime factors of (-3)/(-9) + p/(-3).
2, 5
Let w = -11 - -13. Suppose 0 = w*a - 36 + 14. List the prime factors of a.
11
Let k = -50 - -116. What are the prime factors of k?
2, 3, 11
Let a be ((-116)/(-3))/(6/27). Let n be a/21 + 2/(-7). Suppose 6*v - n = 4*v. What are the prime factors of v?
2
Let u = -10 + 13. Suppose -u*l + 7*l + r - 20 = 0, 2*l + 5*r = 10. List the prime factors of l.
5
Let p be (-14)/21*-3*1. Suppose 185 = 3*k + p*k. List the prime factors of k.
37
Let n(m) = m + 5. Let h be n(-6). Let r = h + 2. Suppose 0 = q - 5*y - r, 2*y - 1 - 36 = -3*q. What are the prime factors of q?
11
Let j be ((-98)/(-6))/((-1)/(-3)). Let p = j - 8. What are the prime factors of p?
41
What are the prime factors of (-14)/56 + 594/8?
2, 37
List the prime factors of 0 + 3 - (1 + -9).
11
What are the prime factors of (-4 + 0)/(-8) + (-57)/(-6)?
2, 5
Let o(h) = -26*h - 3. List the prime factors of o(-5).
127
Let o = 147 + -78. What are the prime factors of o?
3, 23
Suppose 4*r - 4*n + 196 = 0, -4*r + n = -0*n + 193. Let o be (2/4)/((-2)/r). Suppose -j = -4*w - 12, -5*w - o = -2*j + 6. What are the prime factors of j?
2
Let k(z) = z**3 + 8*z**2 - 8*z - 2. What are the prime factors of k(-7)?
103
List the prime factors of 2/(2/(-3)) + 35.
2
Suppose 2*m + 5*v = 7*m, 0 = -m + 2*v. Let c(x) = -x + 12. List the prime factors of c(m).
2, 3
Let s be (4/(-3))/(4/(-6)). Let o(m) = 0 + s - 4*m + 1 + 4*m**2. What are the prime factors of o(2)?
11
Let s be 302/12 + (-9)/54. Let k = s + -4. List the prime factors of k.
3, 7
Let u(n) be the first derivative of 2*n**3/3 - 2*n**2 + n + 7. List the prime factors of u(-4).
7
Suppose -5*p - 189 = -689. What are the prime factors of p?
2, 5
List the prime factors of 44/(-10)*10*(-7)/14.
2, 11
Suppose t = 42 - 3. Let z = t + -25. List the prime factors of z.
2, 7
What are the prime factors of 2/4 - (-455)/14?
3, 11
Let m be 244/7 + 1/7. List the prime factors of m + 1 - (-3 - -7).
2
Let z(l) = l**2 + 7*l + 2. Let n = -6 - 5. List the prime factors of z(n).
2, 23
Let o be 2/4*6 + 27. Suppose p = -2*p + 6. List the prime factors of o/4*p/3.
5
List the prime factors of 1/(-4*(-3)/792).
2, 3, 11
Let x(c) = -c**2 - 4*c + 2. Let g be x(-5). Let o(y) be the second derivative of -y**3/2 + y**2 + y. List the prime factors of o(g).
11
Let r be 0 - (-2)/4*-2. List the prime factors of ((-1)/(-2))/r*-12.
2, 3
Let i be (3 + -2)*-1*5. Let f = i - -9. Suppose -3*r + 4 + 2 = 0, f*r = -3*c + 29. List the prime factors of c.
7
Let x(c) = 23*c. List the prime factors of x(3).
3, 23
Let j(u) = u + 23. Let k be j(-11). List the prime factors of (1 - k/(-4))*6.
2, 3
Let q(b) = b + 3. Let m be q(0). Suppose 40 = 4*p + 5*o - 4*o, -3*p = 4*o - 17. Let w = p - m. What are the prime factors of w?
2
Suppose 8*y = 3*y + 585. List the prime factors of y.
3, 13
Let z = 4 + 1. Suppose y = -z, -y + 2*y = g - 12. What are the prime factors of g?
7
Suppose -2*v + 3*d + 232 = -d, -277 = -2*v - 5*d. What are the prime factors of v?
2, 3, 7
Let u = -7 + 11. Suppose 0 = -m + u + 6. What are the prime factors of m?
2, 5
Suppose -22 = q - 5*n, -n - 2 = 5*q + 4. Let g be q + -4*(0 + -1). List the prime factors of ((-6)/9)/g*-21.
7
Suppose 2*a = -0*a + 2. Suppose h - 13 = -a. List the prime factors of h.
2, 3
What are the prime factors of (60 + 4)/(3 - 1)?
2
Suppose -5*o + 210 - 10 = 0. List the prime factors of o.
2, 5
Let x = 9 - 5. Let f = x - 5. What are the prime factors of 8 + 1*2/f?
2, 3
Let k(y) = -y**2 - 8*y - 1. Let o be k(-7). Let u = 13 - o. What are the prime factors of u?
7
Suppose 4*c + 3 = 11. Suppose 2*n - 2*a = 38, 5*n = c*a - 6*a + 59. Suppose 5*o = 5*r + n - 5, 9 = 2*o - r. What are the prime factors of o?
7
Suppose -3*s - 8 - 4 = 0. Let r be ((-4)/(-5))/(s/(-250)). Suppose -10 - r = -4*d. List the prime factors of d.
3, 5
Let d = 48 + -21. List the prime factors of d.
3
List the prime factors of (918/(-15))/((-16)/40).
3, 17
Let g(k) = -1 + 0 + 6*k - k**2 - 5. List the prime factors of g(4).
2
Suppose 0 = 5*f - 0*f + 4*o - 565, 0 = -3*o + 15. List the prime factors of f.
109
Let q(v) = -v**3 + 15*v**2 + 2*v + 19. List the prime factors of q(15).
7
Suppose -n = -4*d + 1, -2*n + 16 = 3*n + d. Let p(t) = 4 + 0*t - n*t - t**2 - 2. What are the prime factors of p(-2)?
2
List the prime factors of ((-558)/(-8))/(-9)*-4.
31
Suppose 2*q - 2 = 6. Suppose r + 1 = -f - 2*r, -2*f = -q*r - 18. Suppose -13 = -4*g - f. List the prime factors of g.
2
Let x(c) = c**2 - 8*c. Let o be x(7). Let u(w) = -2*w + 3. What are the prime factors of u(o)?
17
What are the prime factors of ((-8)/(-4))/(4/232)?
2, 29
Let i(k) = 4*k - 7. Suppose 0 = -2*t + 4*t + 3*c - 22, 4*t + c - 24 = 0. Let d be i(t). Suppose -5 + d = 4*n. What are the prime factors of n?
2
Let f = -17 + 28. Suppose 5*x - 4*t = 37, x - 2*t = -0*x + f. What are the prime factors of 6 - 0/(-2 + x)?
2, 3
Suppose -3*s - 9 = -0*s. What are the prime factors of (s - -5) + (-18)/(-2)?
11
Let b = -18 - -8. List the prime factors of (36/b)/((-2)/10).
2, 3
Suppose 5*f + 22 = 3*a, 0*a - 5*f - 26 = a. Let n be (-6)/12*(-7 - a). Suppose -2*p = -d + 10, -n*d + 19 = p - 4. What are the prime factors of d?
2
Let g = -11 + 2. Let p = 8 + g. Let k = 10 - p. What are the prime factors of k?
11
Suppose -s + 2*b = 8, -5*b - 26 = 2*s + 35. What are the prime factors of (s/15)/(2/(-5))?
3
Suppose -2*g - 3*j + 1 = 0, g + 2*j + 0 = -2. Suppose -2*c + g = 2*c. Suppose c*v - 11 = 13. What are the prime factors of v?
2, 3
Suppose -c = -5*j + 2*c - 104, -60 = 3*j - 3*c. Let i = 35 + j. What are the prime factors of i?
13
Suppose -2*h - 849 = -5*t, 2*t - 359 = -5*h - 31. List the prime factors of t.
13
Suppose -w + 3*w - 4 = 0. Let z = w + 0. Suppose -z*j - j + 6 = 0. List the prime factors